
Let k(t) = -2*t**3 - 3*t**2 - 7*t - 3. What is k(-2)?
15
Let b(g) = 2*g**3 - 3*g**2 - g - 1. Give b(-3).
-79
Let d(l) = -4*l + 5. Give d(4).
-11
Let g(l) = l**3 - 15*l**2 - 3. What is g(15)?
-3
Let k(a) = -a**2 + 3*a - 2. What is k(2)?
0
Let l(o) = 6*o**3 - 4*o**2 + 6*o - 3. What is l(1)?
5
Let d(v) = -v**2 - 4*v + 1. Give d(-8).
-31
Let h(k) = -k**2 + 39*k + 270. Give h(45).
0
Let x(f) = f**2 - 19*f + 77. What is x(10)?
-13
Let o(m) = 95*m + 658. What is o(-7)?
-7
Let g(n) = n**2 + 14*n + 1. Calculate g(-12).
-23
Let v(g) = 46*g**2 + 2. Give v(-1).
48
Let g(b) = b**3 + 2*b**2 - 5*b - 4. Calculate g(-3).
2
Let p(b) = -b - 13. Determine p(-7).
-6
Let j(l) = -l**3 - 9*l**2 - 16*l - 5. Give j(-7).
9
Let g(l) = -l**3 - 7*l**2 - 10*l - 10. Give g(-5).
-10
Let q(c) = -c**2 + 5*c + 14. Determine q(7).
0
Let q(r) = 5*r**2 + r. Give q(-2).
18
Let b(h) = -11*h + 94. Determine b(8).
6
Let z(g) = -4*g**3 - 4*g**2 - g - 1. Determine z(-1).
0
Let c(g) = 15*g - 3. Give c(2).
27
Let g(c) = -c - 6. Give g(6).
-12
Let l(m) = m**3 + 2*m**2 - 2. Calculate l(-2).
-2
Let x(i) = -i**3 + 15*i**2 - 40*i + 44. What is x(12)?
-4
Let h(n) = -n**2 + 5*n - 12. Give h(4).
-8
Let p(o) = -4*o. Determine p(4).
-16
Let d(q) = -10*q - 270. Determine d(-27).
0
Let k(t) = -3*t**3 + 4*t**2 - 2*t - 2. Give k(2).
-14
Let u(f) = -16*f - 108. Give u(-7).
4
Let q(b) = -4*b**2 - 157*b - 35. What is q(-39)?
4
Let b(n) = 5*n**2 + 16*n + 1. Determine b(-3).
-2
Let h(k) = -k**3 + 12*k**2 + 2*k - 16. What is h(12)?
8
Let g(b) = b**2 - 11*b - 23. Give g(13).
3
Let w(d) = d**3 - 9*d**2 + 6*d + 8. Give w(8).
-8
Let p(a) = a**3 - 5*a**2 + 7*a - 4. Give p(4).
8
Let x(m) = 2*m**3 + 39*m**2 - 21*m - 24. What is x(-20)?
-4
Let q(c) = -3*c - 4. Calculate q(-6).
14
Let t(n) = -33*n + 188. Calculate t(6).
-10
Let i(h) = -h**3 - 4*h**2 + 6*h + 1. Give i(-5).
-4
Let l(v) = -v**3 - 3*v**2 - 6*v - 2. Determine l(-4).
38
Let h(m) = -6*m + 13. Determine h(5).
-17
Let w(m) = -m + 17. Give w(11).
6
Let l(r) = -r**2 + 5*r - 5. Give l(6).
-11
Let j(t) = t**3 + 6*t**2 - 26*t - 49. Calculate j(-8).
31
Let s(f) = f - 8. Determine s(-9).
-17
Let w(a) = a**3 - 11*a**2 + 29*a - 186. Give w(10).
4
Let s(g) = g + 16. Determine s(-7).
9
Let y(i) = i**2 - i - 10. Determine y(0).
-10
Let h(t) = -t**3 - 9*t**2 + 47*t - 41. Calculate h(-13).
24
Let j(l) = 15*l - 122. Calculate j(7).
-17
Let i(m) = 63*m**3 - 2*m**2 + 1. Determine i(-1).
-64
Let m(h) = 9*h**2 - 2. Determine m(1).
7
Let r(l) = -138*l + 699. Give r(5).
9
Let s(d) = -d**2 + 21*d - 111. What is s(9)?
-3
Let l(y) = -3*y - 35. Calculate l(-17).
16
Let i(r) = -2*r + 21. Give i(2).
17
Let v(p) = -p**3 + 3*p**2 - 7. Give v(3).
-7
Let a(n) = -5*n**3 + n**2 - 4. Determine a(2).
-40
Let i(n) = 2*n**2 - 4*n + 2. Give i(4).
18
Let k(u) = -2*u**3 + 3*u + 2. Calculate k(-2).
12
Let k(h) = 40*h - 1394. What is k(35)?
6
Let d(p) = 9*p**3 + 3. Calculate d(2).
75
Let o(g) = g**3 - 2*g**2 + 3. Give o(4).
35
Let k(p) = p - 56. Determine k(20).
-36
Let b(d) = d - 12. What is b(12)?
0
Let v(g) = g**2 + 9*g + 4. Determine v(-7).
-10
Let j(p) = -9*p**3 - p**2 + p + 1. Determine j(-1).
8
Let h(l) = 20*l - 615. What is h(31)?
5
Let z(d) = -d**3 + 28*d**2 - 29*d + 57. Determine z(27).
3
Let w(b) = 22*b - 46. Determine w(3).
20
Let z(k) = -k**2 - 9*k - 3. Calculate z(-7).
11
Let a(n) = n**2 + 19*n - 185. Calculate a(-26).
-3
Let c(h) = -h**2 - 6*h - 2. What is c(-3)?
7
Let d(r) = -r**2 + 9*r - 10. What is d(5)?
10
Let r(b) = b**3 - 4*b**2 - 2*b - 17. Give r(5).
-2
Let a(q) = -q**2 - q - 3. Determine a(4).
-23
Let q(v) = -9*v**3 + v. Give q(1).
-8
Let k(f) = -2*f**2 - 9*f + 13. Give k(-6).
-5
Let o(y) = -y**2 + 56*y - 554. Give o(43).
5
Let a(r) = -28*r**2 - 20*r - 1. Determine a(-1).
-9
Let t(h) = 9*h + 48. Calculate t(-4).
12
Let j(v) = -3*v + 20. What is j(8)?
-4
Let i(g) = 14*g + 124. Calculate i(-11).
-30
Let i(p) = 5*p**2 + 4*p + 2. What is i(-3)?
35
Let h(q) = 8*q - 63. Calculate h(8).
1
Let m(n) = -n**3 + 22*n**2 + 45*n + 74. Calculate m(24).
2
Let k(g) = -2*g + 4. Determine k(3).
-2
Let c(a) = -2*a - 64. Give c(-29).
-6
Let i(u) = -6*u**2 + 28*u + 12. What is i(5)?
2
Let u(r) = -r**2 + 13*r - 14. Give u(8).
26
Let y(v) = -v - 2. Determine y(-8).
6
Let g(n) = -2*n**2 + 6*n - 4. Calculate g(1).
0
Let i(d) = -3*d + 10. Determine i(-20).
70
Let d(z) = z**3 + 4*z**2 + 5*z + 2. Calculate d(-4).
-18
Let j(h) = h**3 + 9*h**2 + 7*h - 17. Determine j(-8).
-9
Let m(l) = l**3 - 13*l**2 + 37*l - 14. Determine m(9).
-5
Let v(o) = o**2 + 9*o + 10. What is v(-9)?
10
Let h(i) = i - 26. Calculate h(5).
-21
Let s(a) = 16*a**2 - 6*a - 10. What is s(-2)?
66
Let f(h) = h + 2. Give f(-9).
-7
Let b(j) = -71*j - 72. What is b(-1)?
-1
Let t(a) = a**2 + 37*a - 787. What is t(-52)?
-7
Let t(b) = 13*b + 4. Calculate t(0).
4
Let j(s) = s**2 - 35*s + 318. Give j(16).
14
Let d(l) = 4*l**3 + l**2 - l - 1. Determine d(-1).
-3
Let k(l) = -l**2 + 14*l - 2. Calculate k(17).
-53
Let d(p) = p**2 + 12*p - 19. What is d(8)?
141
Let i(y) = -4*y - 10. Give i(-5).
10
Let g(m) = -m**3 - m**2 - 1. What is g(-2)?
3
Let b(i) = 173*i + 687. Calculate b(-4).
-5
Let k(i) = 4*i**2 + 6*i - 5. What is k(1)?
5
Let y(l) = -l**3 + 8*l**2 - 4*l - 1. Determine y(7).
20
Let m(n) = -14*n + 99. Determine m(7).
1
Let b(c) = -c**2 - 16*c - 32. Determine b(-11).
23
Let o(l) = -3*l**3 - l**2 + l + 14. Calculate o(0).
14
Let u(i) = -3*i - 42. Determine u(-13).
-3
Let q(g) = -2*g**3 + g**2 + g + 13. What is q(0)?
13
Let v(h) = -4*h + 14. Calculate v(5).
-6
Let g(s) = -s - 1. What is g(-2)?
1
Let v(j) = j**3 - 13*j**2 + 15*j. Give v(12).
36
Let c(s) = -s**3 + 11*s**2 - s - 26. What is c(11)?
-37
Let l(t) = -2*t**2 + 6*t - 5. Determine l(4).
-13
Let x(y) = -y**3 - 5*y**2 - 2*y + 4. Give x(-3).
-8
Let y(n) = -n**3 + 11*n**2 - 8*n - 23. Give y(10).
-3
Let f(b) = 3*b**2 - b - 4. What is f(-2)?
10
Let w(o) = 49*o - 300. Determine w(6).
-6
Let p(f) = f**3 + 14*f**2 - 18*f - 62. Determine p(-15).
-17
Let s(z) = z**3 - 8*z**2 + 19*z - 8. Give s(4).
4
Let j(c) = -c**3 + 2*c**2 - c - 31. Determine j(0).
-31
Let x(k) = -k**2 - 13*k - 9. What is x(-10)?
21
Let r(m) = -3*m**3 - 3*m**2 - 5*m + 2. Give r(-2).
24
Let j(r) = -r**2 + 9*r + 3. Determine j(9).
3
Let j(a) = -a**3 + 8*a**2 - 5*a - 9. Give j(7).
5
Let d(f) = -f**2 - 9*f + 21. Give d(-10).
11
Let a(o) = -o + 1. What is a(-6)?
7
Let k(n) = 2*n**2 + 30*n + 2. Determine k(-15).
2
Let f(m) = m + 6. What is f(-3)?
3
Let u(a) = -a**3 - 5*a**2 + 7*a - 3. Give u(-6).
-9
Let o(a) = a**2 - 47*a + 133. Give o(44).
1
Let l(r) = 12*r - 40. Determine l(4).
8
Let l(g) = g**3 - 5*g**2 - 18*g + 14. Calculate l(7).
-14
Let c(l) = l - 21. What is c(10)?
-11
Let q(a) = -a**2 - 12*a - 6. Give q(-12).
-6
Let f(n) = -n**3 + 6*n**2 + 7*n - 9. What is f(7)?
-9
Let u(g) = -15*g + 38. Calculate u(3).
-7
Let p(l) = -l**3 - 29*l**2 - 58*l - 108. Calculate p(-27).
0
Let s(l) = -l**3 - 12*l**2 - 5*l - 4. Calculate s(-11).
-70
Let u(r) = 5*r**3 + 3*r**2 - 3. Give u(-2).
-31
Let y(v) = v + 10. Determine y(11).
21
Let k(t) = t**3 + 7*t**2 + t + 7. Give k(-7).
0
Let m(q) = -q**2 - 8*q - 13. Give m(-5).
2
Let h(t) = -19*t + 57. Give h(14).
-209
Let f(u) = 59*u - 542. Calculate f(9).
-11
Let i(p) = p**3 + 10*p**2 - p - 11. Give i(-10).
-1
Let y(x) = -x**3 + 11*x**2 + 2*x - 4. What is y(11)?
18
Let t(h) = 20*h + 1. What is t(1)?
21
Let o(l) = -5*l**3 + 3*l - 1. Calculate o(-2).
33
Let o(c) = -c**3 - 4*c + 4. Give o(2).
-12
Let z(k) = k**3 - 6*k**2 - 15*k + 2. Calculate z(9).
110
Let d(b) = -b**2 - 7. Give d(0).
-7
Let g(v) = 18*v**2 - 5*v - 3. Determine g(3).
144
Let u(g) = -g**2 + 6*g + 8. What is u(7)?
1
Let v(r) = 3*r**3 + 127*r**2 + 41*r - 34. Determine v(-42).
8
Let y(s) = -s**2 - 16*s - 21. What is y(-15)?
-6
Let d(p) = -46*p + 4. Determine d(2).
-88
Let s(r) = -3*r + 9. Give s(7).
-12
Let s(w) = w**2 + 6*w - 6. Give s(0).
-6
Let l(o) = -o**2 - 24*o + 54. Calculate l(-26).
2
Let c(z) = 16*z + 634. Determine c(-40).
-6
Let v(u) = -u**3 + 25*u**2 + 26*u - 43. What is v(26)?
-43
Let s(h) = h**3 + 22*h**2 + 118*h + 7. Determine s(-9).
-2
Let s(m) = 9*m - 24. Calculate s(4).
12
Let x(a) = -a**3 + 10*a**2 - 10. Calculate x(10).
-10
Let y(f) = -f**2 - 40*f - 29. Calculate y(-39).
10
Let u(c) = -c**2 - 11*c - 29. Calculate u(-9).
-11
Let o(